. Let s = k - 289. Let f(l) = l**2 - 2*l - 4. Determine f(s).
31
Let h(x) = 2*x + 12. Let m(q) = -q**3 - 69*q**2 - 196*q + 129. Let d be m(-66). What is h(d)?
6
Suppose 6*v - 10*v = -44. Let a(p) = -p**3 + 11*p**2 + 7. Let t be a(v). Suppose t*u = 2*u - 20. Let j(m) = -m - 1. Give j(u).
3
Suppose -5*i + 87 = 77. Let t(u) = 5*u**i - 54 + 29 + 27 + u - 3*u. Determine t(2).
18
Let a(h) = 4*h - h + 0 - 2 + 2*h**2. Let u(b) be the third derivative of -b**5/15 - 3*b**4 + b**3/3 - 54*b**2. Let t be u(-18). Give a(t).
12
Let v(i) = 5*i**3 - i**2 + 6*i + 1. Let x(h) = 4*h**3 - 2*h**2 + 5*h. Let q(p) = -2*v(p) + 3*x(p). Calculate q(3).
25
Let r be (1/(-2) + 2)*(-11 + 13). Suppose 14 = r*y + 47. Let z(a) = -2*a - 7. Calculate z(y).
15
Suppose 41*g - 38*g = 6. Let r(v) = 7*v**g + 9*v**2 - 7*v**2 - 6 + 4*v**3 - 3*v**3. Calculate r(-9).
-6
Suppose 2*f = 5*h - 117, -5*f + 45 = -5*h + 6*h. Let p(a) = -h*a**2 + 11*a**2 + 9*a**2 + 2*a**2 + 3*a + 3*a**3. What is p(2)?
18
Let x(v) = v**3 + 1229 + 26*v - 590 - 28*v**2 - 604. Determine x(27).
8
Suppose -9 = 40*o - 35 - 14. Let n(b) = 5*b**3 + 8*b - 9. Give n(o).
4
Suppose 2*q + 46 + 10 = 2*o, 5*q + 88 = 3*o. Let c(u) = -3*u + 81. What is c(o)?
3
Suppose 0 = 3*h + 9, 5*f + 0*h = 4*h - 3. Let l(d) be the first derivative of 2*d**3/3 - 2*d + 630. Calculate l(f).
16
Let g(x) = -x - 13. Let s(v) = 25*v - 187. Let z(o) = 36*o - 280. Let c(h) = -7*s(h) + 5*z(h). Let l be c(16). What is g(l)?
-2
Let s = -259 - -256. Suppose 4*h = -16, 3*h + 6 = -b - 0*h. Let n(d) = d**2 + 4 + b*d - 5*d - d + 6*d. Calculate n(s).
-5
Suppose 5*t = 5*u + 30, 10*t = 2*u + 15*t - 2. Let b(i) = 2*i**2 - 3*i - 30. Give b(u).
14
Let o be 0 - (-4 - (-41 - -1)). Suppose -7*j + 1 = 15. Let w be 5/j*o/10. Let g(z) = z**2 - 12*z + 13. What is g(w)?
-14
Suppose 615 = -20*f + 815. Let j(l) = -l**3 + 9*l**2 + 11*l - 2. Calculate j(f).
8
Let s(d) = d**2 - 35 - 2458*d + 1265*d + 1204*d. Give s(-14).
7
Suppose -4*l = 2*p - 24 + 14, p - 11 = -4*l. Let h(s) be the second derivative of 0 - 5/2*s**2 - 2/3*s**l + 18*s. What is h(-6)?
19
Let r(w) be the first derivative of 1/2*w**2 - 141 - w. Suppose 5*h - 15 = f, -3*f + 0*f - 5*h = 5. Calculate r(f).
-6
Let m(a) be the second derivative of 60 + 1/6*a**3 - a + 3*a**2 - 1/6*a**4. Determine m(3).
-9
Let t(j) = -8 + 553*j + 0 - 6 - 552*j. Calculate t(-4).
-18
Let c be 1650/(-4)*(-20)/25. Let v(w) = -7*w - 2 - 6 + c*w**2 - 1 - 331*w**2. Let p be (-2)/((-14)/(-6) + -2). Give v(p).
-3
Let h(j) = 83*j - 2728. Let s be h(33). Let a(f) = -4*f + 14. Give a(s).
-30
Let t(q) = q**3 + 9*q**2 + 17*q + 18. Let z = -7236 - -7229. Determine t(z).
-3
Let t(g) = -22*g + 59 + 26*g - 59. Give t(-2).
-8
Let v(g) = -2*g. Let p(h) = 19*h + 1. Let k(j) = p(j) - v(j). What is k(2)?
43
Let i(s) = -5*s - 51*s**2 - 9 + 21*s**2 + 28*s**2. Give i(-3).
-12
Let t = -4130 + 4131. Let d(g) = 8*g**3 + g**2 - 3*g + 3. Calculate d(t).
9
Let r(s) be the first derivative of -s**2/2 + 7*s + 24. Let i be -10*(-2 - 5/(-2)). Calculate r(i).
12
Suppose 0 = 19*y - 3595 + 10169. Let m = -359 - y. Let t(z) = z + 9. Determine t(m).
-4
Let p = -315 + 311. Suppose 5*k - 7 = -h, 3*k + 0 + 5 = 4*h. Let x(s) = -5*s - 2*s**2 - 2 + h + 4 + 0. Calculate x(p).
-8
Let p(c) be the third derivative of -c**5/60 + c**4/2 - 4*c**3 - 46*c**2 + 24. Give p(9).
3
Let i(w) = -w - 12. Let k = 196 - 195. Suppose -5*u - 45 = 2*m, -2*m + k = u + 2. What is i(u)?
-1
Let y(a) = -22*a - 687. Let p be y(-31). Let z(t) be the second derivative of -1/6*t**3 - 5/2*t**2 + 2*t + 0. What is z(p)?
0
Let v(m) = -3*m**2 + 23*m - 20. Let a be (3 + (-814)/(-22))/4. What is v(a)?
-90
Let a(c) = c**3 - 4*c**2 + c + 2. Let p = -2120 - -2123. Give a(p).
-4
Let s(u) be the second derivative of -2*u**4/3 - 2*u**3/3 - 19*u**2/2 - 290*u + 3. Calculate s(-3).
-79
Suppose 15*l = 18*l. Let n(b) = -31 + 2*b + b**3 - b + 4*b**2 - 4*b**2. What is n(l)?
-31
Let f(n) = 7*n**2 - 3*n + 37. Let w(y) = -y**2 - 4*y + 1. Let o(c) = -f(c) + 2*w(c). Let g(h) = -5*h**2 - 3*h - 20. Let d(a) = -7*g(a) + 4*o(a). Give d(0).
0
Let c(h) = -2 + 135*h**3 - 3*h**2 - 136*h**3 + 14*h - 7*h + 6*h - 9. Determine c(-6).
19
Let s(x) = 15*x - 22. Suppose -18*y - 26*y + 70*y = -182. Determine s(y).
-127
Let y(r) be the third derivative of 3*r**5/20 - r**4/8 + r**3/3 + 2*r**2 + 25. Suppose -2*n + 0*n - 2 = 2*c, -5*n = -5*c + 15. What is y(c)?
8
Let q(f) be the third derivative of -f**5/60 - 5*f**4/8 + 23*f**3/6 - 1593*f**2. What is q(-17)?
-11
Let z(u) = u**3 + 5*u**2 - 2. Let t be z(-5). Let d be 4/(3/(-21) - 48/(-42)). Let i(c) = -c + 6 - 4 + 3*c - d - 5*c. Give i(t).
4
Let a(q) = -14*q + 40. Let l = -20698 + 20702. Calculate a(l).
-16
Let g(b) = 3*b + 9. Let j = 38 + -29. Let o = j + -4. Suppose -4*i + p = -o*i - 10, 0 = p + 4. Give g(i).
-9
Let c(f) = -f - 1. Let o(m) = 137 - 37 + 2*m + 6*m - 34 - 42. Let t(x) = -10*c(x) - o(x). Give t(-10).
-34
Let y(p) = -p**2 + 19*p - 36. Suppose 0 = 3*b + u - 43, 15*b + 53 = 18*b - u. Give y(b).
12
Let p(u) be the third derivative of 7*u**4/24 - 2*u**3/3 - 63*u**2 + 11. Calculate p(-10).
-74
Let u(w) = w + 1. Let n = -524 - -530. Let i(k) = -k**2 - 18*k + 17. Let s(m) = n*u(m) + i(m). Determine s(-14).
-5
Let x(n) = 4*n + 4. Suppose 0 = 3*z + 4*y - 32, 7*z + 5*y = 6*z + 18. Let w be z/(-6)*10/(120/54). Give x(w).
-20
Let a = -460 + 469. Let g(v) = v**2 - 4*v - 7. Calculate g(a).
38
Let d(l) be the second derivative of -l**4/4 - 2*l**3/3 + 3*l**2 + 1602*l. Determine d(-4).
-26
Let m(t) be the first derivative of t**4/4 + t**3/3 - 13*t**2/2 + 29*t + 5649. Give m(-5).
-6
Let m = -22 + 25. Let p(z) be the first derivative of -z**3 + 3*z**2/2 - z - 115. Calculate p(m).
-19
Let o(a) = 121*a**2 - 7*a - 1. Let q(s) = -214*s**2 + 12*s + 2. Let i(x) = -7*o(x) - 4*q(x). Give i(1).
9
Let f(k) = -8*k - 27. Let a = -584 - -581. Determine f(a).
-3
Let c(s) be the third derivative of -s**7/5040 - s**6/60 - 11*s**5/12 + 2*s**2 + 46. Let z(r) be the third derivative of c(r). Calculate z(-6).
-6
Let t = -19071 + 19054. Let f(j) = j**3 + 17*j**2 - 3*j - 40. What is f(t)?
11
Suppose 42 = -3*k + k. Let n be (972/28 - 6/k) + 3. Let q = -46 + n. Let v(m) = -m**2 - 11*m - 7. Give v(q).
17
Let f(m) = -m**2 + 6*m + 33. Suppose 2*i = 4*o - 2, -i - 4*i + 4*o = -25. What is f(i)?
6
Let d(k) = 95688*k - 191383. Let v be d(2). Let n(g) = -2*g - 7 + g + 0*g. Determine n(v).
0
Let b(c) = 3*c**2 - 3*c + 2. Suppose 3*a + 1075 = 5*n, n + 246 = -5*a - 1527. Let o = a + 356. Determine b(o).
2
Let u(a) = -5*a + 10. Let l(f) = 29*f - 62. Let q(z) = 2*l(z) + 13*u(z). Calculate q(7).
-43
Let j(u) = 30*u + 74. Let f(x) = 45*x + 112. Let l(m) = 5*f(m) - 8*j(m). Calculate l(-2).
-2
Let k = -51 + 98. Suppose -4*m + 36 = 4*u, 0 = 4*m + 5*u + 7 - k. Suppose 6*w - w + 4*y - 8 = 0, -2*w = m*y - 10. Let p(l) = l + 6. What is p(w)?
6
Let h(f) be the third derivative of 5*f**4/12 + 6*f**3 - 2197*f**2. What is h(-5)?
-14
Let a(z) = -z**3 + 23*z**2 + 50*z + 1. Let i be ((-1090)/(-109))/((-4)/(-10)). Determine a(i).
1
Suppose -7 = 4*m + 5. Let w be -4 - (m/(-1) + -3). Let h(l) = -8*l + 60. Let t(g) = -7*g + 48. Let x(s) = -4*h(s) + 5*t(s). What is x(w)?
12
Let y = 29 - 29. Suppose y = -2*z - 16 + 10. Let p(s) = 4 - 4 + 6 + s. Give p(z).
3
Let z be (63 + -64)/(2/14). Let a(l) = -l**3 - 9*l**2 - 8*l + 15. Determine a(z).
-27
Let q(v) = -20*v**3 - 39*v**2 + 35*v + 41. Let n(d) = 9*d**3 + 20*d**2 - 19*d - 21. Let l(c) = 9*n(c) + 4*q(c). Give l(-25).
125
Let d(n) = 3*n**2 + 26*n + 49. Suppose 2*a = -f - 17, f = 2 - 7. Give d(a).
1
Let k(g) = -184*g + 6. Let d be k(-1). Suppose -184*j - 12 = -d*j. Let y(r) = -8*r - 2. Give y(j).
-18
Let z(m) = 9*m + 4. Let f = -7315 + 7310. What is z(f)?
-41
Let s(l) = l**3 - 6*l**2 - 2*l + 29. Let k be s(5). Let g be 12/30*-5 + k. Let h(v) = v**2 + 10*v + 15. What is h(g)?
-1
Let x = -15506 - -15503. Let f(d) = -112*d - 331. Give f(x).
5
Let m(a) be the first derivative of a**4/4 - a**3/3 - a - 6. What is m(-2)?
-13
Let k(n) = 5*n + 11*n**2 + 14*n**3 + 46*n**2 - 72 - 69*n**2 - 13*n**3. Determine k(12).
-12
Let q(u) be the second derivative of 0*u**3 - 1/6*u**4 - 1/2*u**2 - u - 28. Calculate q(-2).
-9
Let o(r) be the third derivative of -r**6/120 + 7*r**5/20 - 7*r**4/8 + 25*r**3/6 - 3*r**2. Let v = 102683 + -102663. Determin